{"id":82,"date":"2021-09-23T09:13:18","date_gmt":"2021-09-23T09:13:18","guid":{"rendered":"http:\/\/www.lideramos.es\/?page_id=82"},"modified":"2022-10-28T18:13:53","modified_gmt":"2022-10-28T18:13:53","slug":"cookies-y-politica-de-privacidad","status":"publish","type":"page","link":"https:\/\/www.lideramos.es\/index.php\/cookies-y-politica-de-privacidad\/","title":{"rendered":"Pol\u00edtica de Cookies"},"content":{"rendered":"\n<p>En cumplimiento de la Ley 34\/2002, de 11 de julio, de Servicios de la Sociedad de la Informaci\u00f3n y Comercio Electr\u00f3nico le informamos de que este sitio web, al igual que la mayor\u00eda de los sitios en Internet, usa Cookies para mejorar y optimizar la experiencia del usuario. A continuaci\u00f3n encontrar\u00e1 informaci\u00f3n detallada sobre qu\u00e9 son las \u201cCookies\u201d, qu\u00e9 tipolog\u00eda utiliza este sitio web, c\u00f3mo cambiar la configuraci\u00f3n de sus cookies, y qu\u00e9 ocurre si deshabilita las Cookies.<\/p>\n\n\n\n<ol class=\"wp-block-list\"><li><strong>\u00bfQu\u00e9 es una cookie?<\/strong><\/li><\/ol>\n\n\n\n<p>Una cookie es un peque\u00f1o archivo que se descarga en el equipo del usuario con la finalidad de almacenar datos, los cuales podr\u00e1n ser actualizados y recuperados por la entidad responsable de su instalaci\u00f3n.<\/p>\n\n\n\n<ol class=\"wp-block-list\" start=\"2\"><li><strong><strong>\u00bfQu\u00e9 tipo de Cookies utiliza esta p\u00e1gina web?<\/strong><\/strong><\/li><\/ol>\n\n\n\n<p><strong>Cookies de An\u00e1lisis<\/strong><br>Posibilitan el seguimiento y an\u00e1lisis del comportamiento de los usuarios en nuestra p\u00e1gina. La informaci\u00f3n recogida se utiliza para la medici\u00f3n de la actividad de los usuarios en la web y la elaboraci\u00f3n de perfiles de navegaci\u00f3n de los usuarios, con la finalidad de mejorar la web, as\u00ed como los productos y servicios ofertados.<\/p>\n\n\n\n<p><strong>Cookies T\u00e9cnicas<\/strong><br>Permiten al usuario la navegaci\u00f3n a trav\u00e9s de la p\u00e1gina web, as\u00ed como la utilizaci\u00f3n de las diferentes opciones o servicios existentes (identificar la sesi\u00f3n, acceder secciones restringidas, compartir contenidos a trav\u00e9s de redes sociales, \u2026).<\/p>\n\n\n\n<ol class=\"wp-block-list\" start=\"3\"><li><strong><strong><strong>\u00bfQu\u00e9 aplicaciones dentro de nuestra web utilizan Cookies?<\/strong><\/strong><\/strong><\/li><\/ol>\n\n\n\n<p>Las aplicaciones que utilizamos en nuestra web son:<br><br><strong>Google Analytics:<\/strong> Esta aplicaci\u00f3n ha sido desarrollada por Google y nos presta el servicio de medici\u00f3n y an\u00e1lisis de la audiencia de nuestras p\u00e1ginas.<\/p>\n\n\n\n<ol class=\"wp-block-list\" start=\"4\"><li><strong><strong><strong><strong>\u00bfC\u00f3mo puede configurar sus Cookies?<\/strong><\/strong><\/strong><\/strong><\/li><\/ol>\n\n\n\n<p>Al navegar y continuar en nuestro sitio web estar\u00e1 consintiendo el uso de las Cookies en las condiciones contenidas en la presente Pol\u00edtica de Cookies. Usted como usuario tiene la posibilidad de ejercer su derecho a bloquear, eliminar y rechazar el uso de Cookies, en todo momento, modificando las opciones de su navegador.<\/p>\n\n\n\n<ol class=\"wp-block-list\" start=\"1\"><li>Instrucciones para\u00a0<a rel=\"noreferrer noopener\" href=\"https:\/\/support.microsoft.com\/es-es\/help\/17442\/windows-internet-explorer-delete-manage-cookies\" target=\"_blank\">Microsoft Internet Explorer<\/a><\/li><li>Instrucciones para\u00a0<a rel=\"noreferrer noopener\" href=\"http:\/\/support.mozilla.org\/es\/kb\/cookies-informacion-que-los-sitios-web-guardan-en-?redirectlocale=es-ES&amp;redirectslug=Cookies\" target=\"_blank\">Mozilla Firefox<\/a><\/li><li>Instrucciones para\u00a0<a rel=\"noreferrer noopener\" href=\"https:\/\/support.google.com\/chrome\/answer\/95647?hl=es\" target=\"_blank\">Google Chrome<\/a><\/li><li>Instrucciones para\u00a0<a rel=\"noreferrer noopener\" href=\"http:\/\/support.apple.com\/kb\/PH5042\" target=\"_blank\">Apple Safari<\/a><\/li><li>Instrucciones para\u00a0<a rel=\"noreferrer noopener\" href=\"http:\/\/help.opera.com\/Linux\/10.60\/es-ES\/cookies.html\" target=\"_blank\">Opera<\/a><\/li><\/ol>\n\n\n\n<p>Si usa otro navegador distinto a los anteriores, consulte su pol\u00edtica de instalaci\u00f3n, uso y bloqueo de cookies.<\/p>\n\n\n\n<p>Si no desea ser rastreado por las cookies de Google Analytics puede instalar en su navegador el complemento que la propia empresa Google ha desarrollado con tal finalidad.<\/p>\n\n\n\n<div class=\"wp-block-group\"><div class=\"wp-block-group__inner-container is-layout-flow wp-block-group-is-layout-flow\">\n<ol class=\"wp-block-list\" start=\"5\"><li><strong>\u00bfQu\u00e9 ocurre si se deshabilitan las Cookies?<\/strong><\/li><\/ol>\n\n\n\n<p>Algunas funcionalidades de los Servicios y \u00e1reas de este sitio web podr\u00edan no funcionar correctamente si se deshabilitan las cookies.<\/p>\n<\/div><\/div>\n\n\n\n<div class=\"wp-block-group\"><div class=\"wp-block-group__inner-container is-layout-flow wp-block-group-is-layout-flow\">\n<ol class=\"wp-block-list\" start=\"6\"><li><strong><strong>\u00bfActualizamos nuestra Pol\u00edtica de Cookies?<\/strong><\/strong><\/li><\/ol>\n\n\n\n<p>Es posible que actualicemos la Pol\u00edtica de Cookies de nuestra p\u00e1gina web, por ello le recomendamos revisar esta pol\u00edtica cada vez que acceda a nuestro sitio web con el objetivo de estar adecuadamente informado sobre c\u00f3mo y para qu\u00e9 usamos las cookies.&nbsp;<\/p>\n<\/div><\/div>\n","protected":false},"excerpt":{"rendered":"<p>En cumplimiento de la Ley 34\/2002, de 11 de julio, de Servicios de la Sociedad de la Informaci\u00f3n y Comercio Electr\u00f3nico le informamos de que este sitio web, al igual que la mayor\u00eda de los sitios en Internet, usa Cookies para mejorar y optimizar la experiencia del usuario. A continuaci\u00f3n encontrar\u00e1 informaci\u00f3n detallada sobre qu\u00e9&hellip;&nbsp;<a href=\"https:\/\/www.lideramos.es\/index.php\/cookies-y-politica-de-privacidad\/\" class=\"\" rel=\"bookmark\">Leer m\u00e1s &raquo;<span class=\"screen-reader-text\">Pol\u00edtica de Cookies<\/span><\/a><\/p>\n","protected":false},"author":1,"featured_media":0,"parent":0,"menu_order":0,"comment_status":"closed","ping_status":"closed","template":"","meta":{"neve_meta_sidebar":"","neve_meta_container":"","neve_meta_enable_content_width":"","neve_meta_content_width":0,"neve_meta_title_alignment":"","neve_meta_author_avatar":"","neve_post_elements_order":"","neve_meta_disable_header":"","neve_meta_disable_footer":"","neve_meta_disable_title":"","footnotes":""},"class_list":["post-82","page","type-page","status-publish","hentry"],"_links":{"self":[{"href":"https:\/\/www.lideramos.es\/index.php\/wp-json\/wp\/v2\/pages\/82","targetHints":{"allow":["GET"]}}],"collection":[{"href":"https:\/\/www.lideramos.es\/index.php\/wp-json\/wp\/v2\/pages"}],"about":[{"href":"https:\/\/www.lideramos.es\/index.php\/wp-json\/wp\/v2\/types\/page"}],"author":[{"embeddable":true,"href":"https:\/\/www.lideramos.es\/index.php\/wp-json\/wp\/v2\/users\/1"}],"replies":[{"embeddable":true,"href":"https:\/\/www.lideramos.es\/index.php\/wp-json\/wp\/v2\/comments?post=82"}],"version-history":[{"count":4,"href":"https:\/\/www.lideramos.es\/index.php\/wp-json\/wp\/v2\/pages\/82\/revisions"}],"predecessor-version":[{"id":402,"href":"https:\/\/www.lideramos.es\/index.php\/wp-json\/wp\/v2\/pages\/82\/revisions\/402"}],"wp:attachment":[{"href":"https:\/\/www.lideramos.es\/index.php\/wp-json\/wp\/v2\/media?parent=82"}],"curies":[{"name":"wp","href":"https:\/\/api.w.org\/{rel}","templated":true}]}}